n s(7) is divided by 4?
3
Let l = 7 - -2. Suppose -3 = 2*z - l. What is the remainder when 4 is divided by z?
1
Suppose a + 7 = 2*b - 12, -b - 3*a = -27. Let p be (8/b)/((-1)/465). Calculate the remainder when 32 is divided by 6/(-27) + p/(-18).
15
Suppose 9*r + y - 90 = 4*r, 3*y = -5*r + 100. What is the remainder when r is divided by 11?
6
Let g = 0 + 3. Suppose -n - 39 = -3*n + 5*r, 2*r + 31 = g*n. Suppose -4*l = 2*j - 14, 3*j - 4*l = -n*l + 18. Calculate the remainder when 9 is divided by j.
4
Suppose -6*r + 9*r = 159. What is the remainder when r is divided by 8?
5
Let q(u) = 6*u**2 - 4*u + 9. Let h be q(6). Suppose -a + 4*a = h. What is the remainder when a is divided by 14?
11
Let h(v) = -4*v**3 + v. Let w be h(-1). Suppose w*i + 2*f = -10, -5*f - 7 - 1 = -i. Calculate the remainder when 9 is divided by ((-10)/(4/i))/1.
4
Let z(q) = 3*q - 3 + 3*q - 17*q. Calculate the remainder when z(-2) is divided by 7.
5
Let d = -139 + 237. What is the remainder when d is divided by 26 - 1*(-2)/(-2)?
23
Suppose 2*s = 6*s - 100. What is the remainder when s is divided by 8?
1
Let j = 0 - 1. What is the remainder when 23 is divided by (j - 12)/(8/(-8))?
10
Suppose 4*q = 4*l - l - 71, -5*l + 129 = -4*q. Calculate the remainder when 231 is divided by l.
28
Suppose -4*a + 45 = a. What is the remainder when (39/2)/(a/24) is divided by 18?
16
Let s(r) = r**3 - 11*r**2 + 11. What is the remainder when 43 is divided by s(11)?
10
Let v = 47 - 25. Suppose -5*w + 4*i + 212 = 2*i, 3*w + i = 125. What is the remainder when w is divided by v?
20
Let x(z) = 2*z**2 - 2*z - 19. Calculate the remainder when 161 is divided by x(-5).
38
Suppose 14 = -2*s - 5*p, 6 = -8*s + 3*s + 2*p. Let r(h) = -18*h + 1. What is the remainder when r(s) is divided by 10?
7
Let z = -1 + 6. Suppose 10*h - z*n = 5*h + 65, -5*n - 26 = -2*h. Calculate the remainder when ((-2)/5)/((-2)/190) is divided by h.
12
Let s(x) = x**3 + 7*x**2 + 3. Let m be s(-7). Suppose -m*k = k - 28. Calculate the remainder when 26 is divided by k.
5
Suppose 46*l - 42*l - 40 = 0. Calculate the remainder when 116 is divided by l.
6
Suppose 0 = -2*z + 2 + 2, 0 = h - 3*z - 28. Suppose 0 = w + 2*w - 4*i + 406, 630 = -5*w - 5*i. Calculate the remainder when h is divided by w/(-11) - 8/(-44).
10
Let z = -4 + 8. Suppose 53 = z*d - 195. Calculate the remainder when d is divided by 16.
14
Let u(h) = h**2 - 5*h + 4. Let m be u(3). Let n be m*(-2 - (-11)/(-2)). Let p = -11 + n. Calculate the remainder when 10 is divided by p.
2
Let b(y) = 1 + 4 - 2 - 4*y + 2*y. Calculate the remainder when 33 is divided by b(-7).
16
Suppose 4*s + 20 = 0, -3*j = -5*s + 96 - 322. Suppose -3*p - 19 + j = 0. What is the remainder when 8/2*46/4 is divided by p?
14
Let d(s) = s**2 - s + 3. Calculate the remainder when d(0) is divided by -3*(4 - 2 - 3).
0
Let l(m) = 8*m**2 + 3*m + 9. What is the remainder when l(-4) is divided by 18?
17
Suppose 5*c - 31 = k + 2, 3*c = -2*k + 12. Suppose -2*a - p = -36, 0 = a - 5*p - 2 + c. Let n = a - 2. Calculate the remainder when 26 is divided by n.
12
Suppose 0 = -5*k + 4*h - 10 + 26, 4*k + 5*h = 21. Calculate the remainder when (-2658)/(-54) + k/(-18) is divided by 13.
10
Let w(k) = -k - 1. Suppose -5*f + 10 = -4*z - 23, 3 = f - 2*z. Calculate the remainder when f is divided by w(-6).
4
Let f(l) = -3*l**3 + l**2 + 2*l + 1. What is the remainder when f(-2) is divided by 9?
7
Let x = -32 - -76. What is the remainder when 129 is divided by x?
41
Suppose -25 = -w + 43. Suppose l - g - 2*g - w = 0, 2*g - 216 = -4*l. Calculate the remainder when l is divided by 19.
18
Suppose -96 = -4*y - 0*r - 2*r, 2*y = -4*r + 36. Calculate the remainder when y is divided by 7.
5
Suppose 3*q + 9 = -3*g - 0, 4*q = -5*g - 17. Let f be q/(-4)*-2*4. Suppose 3*y = 2*y + 4*b + 15, 18 = f*y - 2*b. Calculate the remainder when 7 is divided by y.
1
Suppose -4*k + 5*k = -j + 9, 3*j + k - 25 = 0. Calculate the remainder when 55 is divided by j.
7
Let v(k) = 3*k + 97. Calculate the remainder when v(-28) is divided by 4.
1
Let b = -130 - -137. Calculate the remainder when 83 is divided by b.
6
Suppose j = -5*c - 17 + 3, -5*j - 70 = -4*c. Suppose 2*p = s + 54, -42 = -3*p + 5*s + 46. What is the remainder when p is divided by 51/7 + 4/j?
5
Let x(y) = 4*y - 4. Let b(v) = 2*v - 5. Let h be b(4). Let l be x(h). Let n(s) = -s**2 + 10*s - 10. What is the remainder when n(l) is divided by 4?
2
Suppose j = 4*j - 2*a - 65, -a - 67 = -3*j. Suppose -u + 24 = 2*u - 3*o, -2*o - j = -3*u. Calculate the remainder when 11 is divided by u.
4
Suppose 34 = 2*a + 3*y, -7*y + 2*y = 0. Calculate the remainder when 31 is divided by a.
14
Let g(n) = 4*n**2 + 10*n + 8. What is the remainder when g(-6) is divided by 31?
30
What is the remainder when 19 is divided by ((-5)/(-3))/(7*5/105)?
4
Let s(l) = -3*l - 3. Let r(d) = -6*d + 16. Calculate the remainder when r(0) is divided by s(-4).
7
Let h = 0 + 4. Suppose 2*a + 0*a + 2*i - 108 = 0, -2*i = h*a - 224. Calculate the remainder when a is divided by 20.
18
Let r(b) = -2*b**3 - 9*b**2 + 5*b - 31. Calculate the remainder when r(-7) is divided by 30.
29
Suppose 0 = 6*j - 51 - 39. Calculate the remainder when 38 is divided by j.
8
Let x = -38 - -65. Calculate the remainder when x is divided by 10.
7
Suppose -f + 4*f - 3 = 0. Let n = 251 + -241. What is the remainder when n is divided by (2 - 1)/(f/6)?
4
Let j(f) be the first derivative of -f**2 + 3*f + 2. Let u(d) = -d**3 - 4*d**2 + 16*d + 8. Calculate the remainder when u(-7) is divided by j(-6).
13
What is the remainder when 26 is divided by 16/56 + 96/7?
12
Let t(a) = 22*a - 4. Let n be ((-5)/(-3))/((-2)/6). Let p be t(n). Calculate the remainder when p/(-27) - 6/27 is divided by 2.
0
Let a(f) = -f + 5*f**2 + 5*f - 1 - 6*f + 59*f**2. What is the remainder when a(-1) is divided by 22?
21
Let r = 130 - 139. Let i(f) = -f**2 + 11*f - 6. Let q be i(5). Let s = r + q. Calculate the remainder when 29 is divided by s.
14
Let g(r) = -r - 2. Let u be g(2). Calculate the remainder when ((-1)/2)/(u/336) is divided by 22.
20
Suppose -6 - 6 = -2*x. Suppose -2*k + 53 = 3*k - 2*n, -2*n = -k + 9. What is the remainder when k is divided by x?
5
Let i(v) = v**3 - 4*v**2 + 4*v + 2. Let b(k) = -2 - 5*k - 4*k**3 - 9*k + 12*k. What is the remainder when b(-2) is divided by i(4)?
16
Let w = -26 + 35. What is the remainder when 33 is divided by w?
6
Calculate the remainder when 41 is divided by -2 + 13 - (0 + 0).
8
Let m = -4 + 3. Let x = -1 + m. What is the remainder when 8*(x + 5)/6 is divided by 3?
1
Suppose 3*m = 2*q - 72, -24 = -2*q + 5*m + 52. What is the remainder when q is divided by 17?
16
Let o(y) = 8*y**2 + 1. Suppose 132 - 15 = 4*a - 3*j, 0 = -3*a + 4*j + 79. Calculate the remainder when a is divided by o(1).
6
Suppose 22 = 2*g - 0*g. What is the remainder when g is divided by 7?
4
Suppose -13*n = -10*n - 198. Calculate the remainder when n is divided by 23.
20
Let f(a) = a**3 + 29*a**2 - 4*a - 25. Calculate the remainder when f(-29) is divided by 31.
29
Let f = 246 - 139. What is the remainder when f is divided by 135/(-6)*(-84)/70?
26
Let d = -4 - -9. Suppose -x - 2*o + 2 = -0, 3*x - 28 = d*o. Let u(g) = g**2 - 4*g - 4. Calculate the remainder when 23 is divided by u(x).
7
Let p = 2 - 0. Suppose 0 = 5*f, -h + 12 = 3*h - f. Suppose -7*r = -h*r - 12. What is the remainder when r is divided by p?
1
Let t(l) = -l**3 + 4*l + 10. Calculate the remainder when t(-4) is divided by 10.
8
What is the remainder when 24 + 4/(0 + -4) is divided by 14?
9
Let o(c) = -2*c + 4. Suppose 0 = -4*u + 18 - 6. What is the remainder when o(0) is divided by u?
1
Suppose -5*m - j + 20 = 0, -3*m + 4*j - 19 = -8. Suppose m*f + 30 = 6*f. Let b(z) = -6*z - 44. Calculate the remainder when b(-12) is divided by f.
8
Let t = 13 - 13. Suppose -3*z + z + 110 = t. Calculate the remainder when z is divided by 1*19 - 1 - -1.
17
Let d = 6 - 7. What is the remainder when 57 is divided by (-14 + d)*3/(-3)?
12
Suppose 11*a = -0*a + 99. Calculate the remainder when 61 is divided by a.
7
Suppose -7*t + 10 = -2*t. Let d(m) = m**2 + 8*m + 13. Let u be d(0). Suppose 23 + u = t*l. What is the remainder when l is divided by 10?
8
Let b(l) = -l + 33. Let u = -4 - -8. Let p = 21 - u. What is the remainder when p is divided by b(2